of -11*t**7/840 - t**6/360 - t**5/120 - t**4/24 - 9*t**3 + 5. Let i(k) be the third derivative of m(k). Give i(-1).
10
Suppose 12 = -4*p - 8. Let u(r) = r - 1. Let c = 36 + -35. Let y(k) = 3*k - 6. Let b(g) = c*y(g) - 5*u(g). Calculate b(p).
9
Suppose 3021*d + 84 = 3028*d. Let v(o) = -o + 11. Give v(d).
-1
Let j(i) = 51*i**2 - 4 - 17*i**2 - 5*i - 33*i**2. Let u = 35 + -30. Calculate j(u).
-4
Suppose 30 = 5*u + 5. Let x(k) = -3 + 5*k + u*k**2 - 6*k**2 + 1. Suppose 2*t + 9 = 5*t. Calculate x(t).
4
Suppose -4*v + 8 = -4*c, 9 = 2*v + 3*c + 20. Let n(y) = 6*y**3 - y. Give n(v).
-5
Let x(d) = d - 1. Let t be x(-4). Let o be 2/(-5) - (-134)/10. Let b(c) = 0*c**2 + o*c - 20*c - c**2. What is b(t)?
10
Let r = 6 - 5. Let v(b) = b**2 + r - 4*b - 1 + 1 - 5. Calculate v(4).
-4
Let q be 1*3/(-6)*(1 - 5). Suppose 0 = 4*v + 12, -5*o = q*v + v + 4. Let r(y) = 3*y**3 + y**2 - 2*y + 1. What is r(o)?
3
Suppose 0 = 5*k - k + 36. Let n be ((-12)/k)/(2/(-6)). Let q(t) = -5*t - 2 + 4*t - 4*t - 4*t + 10*t. Calculate q(n).
-6
Let s(m) = m**2 + 18*m - 12. Let w(t) = t**2 + 17*t - 11. Let x(f) = 4*s(f) - 5*w(f). Give x(-10).
37
Let z be 7/114 - (-6)/57. Let i(w) be the third derivative of -z*w**3 + 0 - 5*w**2 + 1/12*w**4 + 0*w. Determine i(5).
9
Let q(j) = -j - 2. Let m = 122 - 112. Let o be (105/(-42))/(m/(-8)). Determine q(o).
-4
Let u(b) = -2*b. Let o(c) = -c**2 + 20*c + 9. Let q(l) = o(l) + 6*u(l). Suppose -2*s + 4*s - 18 = 0. Determine q(s).
0
Suppose -3 = 12*b + 69. Let u(n) = 3*n**2 + 20*n + 8. Determine u(b).
-4
Let c(y) be the third derivative of -7/3*y**3 + 0 + 0*y - 1/24*y**4 - 6*y**2. Let k = 7 - 14. Give c(k).
-7
Let z(a) = a + 6. Let i = 38 + -35. Suppose -3 + i = -2*s. Give z(s).
6
Suppose 7*b + 400 = 57*b. Let t(i) = i + 14. What is t(b)?
22
Let t(j) be the third derivative of j**5/15 - 5*j**4/12 + j**3/6 - 17*j**2. Let h(k) = 3*k**2 - 9*k + 1. Let q(v) = 3*h(v) - 2*t(v). Determine q(6).
-5
Let v(f) = -f**2 + f + 1. Let q be v(1). Let z(l) = q - 9*l - 8 - l**3 - 11*l**2 + 0*l. What is z(-10)?
-17
Let d(a) be the first derivative of a**2 - a + 1216. Let i = 3 + 2. Calculate d(i).
9
Let d(t) = t**3 + 11*t**2 + 10*t - 5. Suppose -5*z + 2*z - 39 = 3*b, 2*z - 3*b + 11 = 0. Calculate d(z).
-5
Let b(a) = 2 + 3*a - 2*a - 12. Suppose 6*z - 112 = -2*z. Suppose -q = -4*m - z - 4, -5*m = 15. Determine b(q).
-4
Let f(u) = 5*u**2 + 2*u - 2. Let t = 6 - -27. Let g = t - 35. Determine f(g).
14
Let r(j) = -17*j**3 - 11 + 18*j**3 + 8*j + 11*j - 2*j**2 - 11*j**2 + 38. Determine r(11).
-6
Let u(w) = -25*w - 2*w**3 + 0 - 30*w - 5*w**2 + 52*w - 5 + 9. Let r be -3*(-1 - (-2 - 0)). What is u(r)?
22
Let g(d) = d**2 - 12*d + 12. Suppose 65 = 5*s + 4*l + 2, 4*s - 38 = 3*l. Determine g(s).
1
Suppose 5*s - 5 = 0, -n + 7 = -0*s + 2*s. Let f be 34/(-85) + 22/n. Let c(w) = w - 3. Calculate c(f).
1
Suppose -12*f + 12 = -14*f. Let c(a) = -11*a - 5. Let u(n) = 5*n + 2. Let o = -7 + 20. Let h(l) = o*u(l) + 6*c(l). Calculate h(f).
2
Let w(c) be the first derivative of 7*c**4/24 + c**3/2 - 13*c**2 + 32. Let y(o) be the second derivative of w(o). What is y(-2)?
-11
Suppose k - 5*l = 20, -9*k + 40 = -4*k - 5*l. Let h(d) be the third derivative of d**6/120 - d**5/10 + d**4/4 - 3*d**2. Determine h(k).
5
Suppose 1 = 2*d - 3*d. Let l(j) = j**2 + 0*j**2 - 1180*j + 1181*j. Give l(d).
0
Let k be (16 + -16)/(1 - -1). Let t(c) = -8 + k*c - 2*c + c. Calculate t(6).
-14
Suppose 103 - 116 = -d + 4*x, -2*x + 7 = -5*d. Let b(p) be the third derivative of p**6/120 + p**5/30 - p**3/6 + p**2. Give b(d).
-10
Let y(u) = -u**2 + 5*u + 4. Let q = -15 + 15. Let l be (-10)/2*(q + -1). Suppose g - 1 - 4 = n, 0 = -5*g - l*n + 25. Give y(g).
4
Suppose -16 = -5*a + a, 0 = 4*s + 3*a - 252. Let m be s/9*(-9)/(-2). Let v be (8/10)/((-6)/m). Let c(z) = z + 3. Calculate c(v).
-1
Suppose 0 = -27*y + 19*y + 40. Let w(d) be the third derivative of 0 + 2*d**2 + 0*d**4 + 0*d + 0*d**3 + 1/12*d**y. Give w(-1).
5
Let r = -1231 - -1238. Let l(w) = -w**3 + 6*w**2 + 7*w - 8. What is l(r)?
-8
Let u(t) = -t**3 + 5*t**2 + 3. Let g(n) = 8*n - 11. Let s = -107 - -109. Let l be g(s). Determine u(l).
3
Suppose 8 = -4*b, 4*i - 3*i = b + 4. Let m(n) = 226*n - 231*n - 4 + 0*n**2 - 2*n**i. Give m(-3).
-7
Let s(r) = -7 + 2*r**3 - 3*r + 18 + 2*r. Let u(x) = -x**3 + x**2 + x. Let o(g) = -s(g) - u(g). Suppose -4*f - 5*w + 20 = -f, 8 = -4*f + 2*w. Calculate o(f).
-11
Let t(g) = -8*g + 6. Suppose 0 = 3*m + 5*b - 9, -21*m + 23*m - 6 = 2*b. What is t(m)?
-18
Suppose 0 = g + 4 + 5. Let k be (-20)/3 + (-6)/g. Let y(n) be the first derivative of n**2/2 - n - 45. Calculate y(k).
-7
Suppose 4*g + 0*g - 16 = 0. Let r(z) = -g*z**2 + 6*z + 11 - 6 + 5*z**2. Calculate r(-6).
5
Let g(s) be the second derivative of s**3/3 + 25*s**2/2 - 251*s. Determine g(-9).
7
Suppose 0 = -171*o + 162*o - 18. Let j(g) = -7*g**2 + 2*g + 3. Give j(o).
-29
Let d(x) = x**3 + 8*x**2 + x + 1. Suppose -4*r = -i + 30, 3*r + 5*i - 11 = -45. Give d(r).
-7
Let m = -17 + 8. Suppose 15 = -3*z, 1 + 0 = 3*n - 5*z. Let a = n - m. Let h(s) = -6*s. Calculate h(a).
-6
Let b be (-28)/(-18)*-3*(-180)/70. Let w(m) = -m**3 + 11*m**2 + 11*m + 15. Calculate w(b).
3
Let a be ((-10)/25)/(4/20). Let y(k) = 2*k**3 - k**2 - 2*k - 3. What is y(a)?
-19
Let j = -60 - -60. Let s(k) = 4*k**3 - 5*k**2 - 2*k - 21. Let o(v) = v**3 - 2*v**2 - v - 1. Let q(i) = -3*o(i) + s(i). Give q(j).
-18
Suppose 14*p - 2*p = 288. Suppose j - p = -5*j. Let d(n) be the third derivative of -n**4/12 + n**3/2 - n**2. Calculate d(j).
-5
Let h(y) = -y**2 + 31*y - 50. Let a be h(29). Let u = 7 - a. Let m(b) be the third derivative of -b**6/15 + b**2. Calculate m(u).
8
Let t(f) = 23*f - 184. Let w be t(8). Let i(q) = -q**2 + q + 9. Calculate i(w).
9
Let f = -161 - -166. Let n be 1/(-3)*(-25 - -7). Let c(m) = -4 + n*m + 4*m - 4*m - m - m**2. Calculate c(f).
-4
Let k(j) be the third derivative of 0 + 0*j - 1/6*j**3 - 1/12*j**4 + 6*j**2 + 1/12*j**5. What is k(2)?
15
Let x(h) = -10*h - 8*h - 14*h + 13 + 30*h. Determine x(6).
1
Suppose 5*d + 5 = 14*f - 10*f, 3*f + 4*d + 35 = 0. Let x(j) = -2*j + 4. Calculate x(f).
14
Let t(s) = s**2 + 4*s - 6. Let o(f) = f**2 - 1. Suppose 7 = -3*d - 2. Let k(z) = d*o(z) + t(z). Determine k(2).
-3
Let i(n) = -n**3 + 2*n**2 - 4*n + 3. Let z = -219 - -222. Calculate i(z).
-18
Let b(g) = -g - 2 - g - g + g. Give b(3).
-8
Let q(a) be the first derivative of 0*a + a**2 - 1/3*a**3 - 41. Give q(4).
-8
Let x(y) = 43 - 2*y**2 + y**2 + 3*y**3 - 40 - 4*y. Calculate x(2).
15
Let n = 1 - -1. Let a(f) = -3 + 3*f**n + 3*f**2 - 5*f**2 - 3*f. Suppose 4*d = 2*u, 0 = -2*u - 4*d - 2 + 18. What is a(u)?
1
Let p(q) = -6*q**3 - 4*q**2 + 7*q + 2. Let m(c) = 5*c**3 + 4*c**2 - 6*c - 2. Let v(h) = 7*m(h) + 6*p(h). Determine v(3).
7
Let n(a) be the first derivative of -a**4/4 - 7*a**3/3 - 3*a**2 + 4*a + 11. Suppose 5*p - 8 = -2*k, -4*p = -4*k - 2*p - 32. Calculate n(k).
4
Let i(h) = -h**2 - 10*h - 7. Let f(c) = c**3 - 3*c**2 - 11*c + 24. Let z be f(4). Determine i(z).
17
Let z(d) = -d**3 - 10*d**2 - 10*d - 2. Suppose -2*j - 45 = 5*p, -6*j = -2*j. Calculate z(p).
7
Let d(g) = 7*g + 1. Suppose 5*f + 9 = -4*h, h = 3*f + f + 24. Let y be -1 - (10/f + -1). What is d(y)?
15
Let n(p) = p**2 + p. Let v(z) = -z**3 - 11*z**2 - 7*z - 7. Let o(b) = 5*n(b) + v(b). Let u(y) = -y**2 - 4*y - 1. Let r be u(-5). Give o(r).
5
Let b(c) be the third derivative of -c**6/120 + c**5/10 + c**4/3 - 4*c**3/3 + 2*c**2. Suppose w - 6*l = -2*l - 9, 0 = -4*w - 4*l + 44. Determine b(w).
-1
Let p be (0*(-1)/6)/(-2 - -4). Let u(q) be the third derivative of q**2 + 0 + 0*q - 1/120*q**6 - 1/60*q**5 + 1/3*q**3 - 1/24*q**4. What is u(p)?
2
Let v = 3 + -8. Let t(k) = 7*k**2 + 0*k - 1 - 6*k + 4 + 11*k**2 - 19*k**2. Give t(v).
8
Let h(k) be the first derivative of -k**3/6 - k**2 + k - 25. Let r(j) be the first derivative of h(j). Give r(-2).
0
Let m(v) = 4*v - 1. Let z(w) = -20*w + 66. Let r be z(3). Calculate m(r).
23
Let z(f) = f**3 - 15*f**2 - 15*f - 9. Let g be -3*(-15)/9 - -11. What is z(g)?
7
Suppose 0 = -136*s + 141*s - 15. Let t(m) = -m**2 + 2*m - 6. What is t(s)?
-9
Let h(r) = -3*r**2 - r**3 + 0 + r + 4*r**2 + 4*r + 3*r**2 - 7. What is h(4)?
13
Suppose 4*l + 72 = -152. Let f be 6/(-27)*1 + l/(-9). Let g(i) = i**3 - 7*i**2 + 6*i - 6. Calculate g(f).
-6
Let w be 1/(39/(-2